
Let j = 718 - -786. What is the tens digit of j?
0
Let g(n) = 15*n + 46. Let j be g(19). Let i = j - 79. What is the hundreds digit of i?
2
Suppose -7*w + 2*w + 5*o - 20 = 0, -4*w = 5*o - 29. What is the units digit of 7 + w - 1*2?
6
Let w be (-1 - (-1)/2)/((-12)/48). Suppose 2*f + w*f = -a + 612, 5*a - 324 = -2*f. What is the hundreds digit of f?
1
Let c(k) be the first derivative of -k**3/3 - 11*k**2/2 + 21*k - 35. What is the units digit of c(-10)?
1
Suppose 3*d + 22 = 2*x + 5*d, 5*d + 41 = x. What is the units digit of x?
6
Suppose 0*a + 3*a = -5*g + 31, a = 2*g - 8. Let w(r) = -r - 4. Let p be w(-3). What is the units digit of -2*p/2*g?
5
What is the tens digit of (-2)/(-11) + (-6356)/(-11)?
7
Let s = -28 - -13. What is the tens digit of (-2)/s + (-5504)/(-120)?
4
Suppose -k + 12 = -4*k. Let b(i) = i**3 + 4*i**2 - 2*i - 6. Let z be b(k). Suppose l - 3*h - 22 = -2*h, -2*l + 56 = z*h. What is the units digit of l?
5
Suppose -22807 = -23*o + 4977. What is the units digit of o?
8
Let k = 182 + -178. Suppose -8*g = 4*s - 3*g - 63, -4*g = -12. Suppose -2*h + k*h = s. What is the units digit of h?
6
Let c(l) be the first derivative of -3*l**6/10 - l**5/30 + l**3/6 + l**2 + 5. Let r(u) be the second derivative of c(u). What is the units digit of r(-1)?
5
Suppose -208 - 176 = -3*m. Let k = 135 - m. What is the units digit of k?
7
Suppose -b - g = g - 490, 5*b = -4*g + 2480. What is the tens digit of b?
0
Let f(j) = 2*j**2 - 16*j - 26. What is the units digit of f(16)?
0
What is the hundreds digit of -71 + 358 - 1/(-1)?
2
Suppose 30 - 33 = -f. Suppose 2*v + 0*h - 3*h - 2 = 0, 3*v - f = 4*h. What is the units digit of v?
1
Let x(o) be the second derivative of -11*o**3/6 + 2*o**2 + 4*o. Let i be x(3). Let t = -19 - i. What is the tens digit of t?
1
Let j(f) = -6*f**3 + 5*f + 5. What is the units digit of j(-2)?
3
Let f be (1/(-2))/((-5)/10). Suppose l - f = 3. What is the units digit of (-2)/((16/(-20))/l)?
0
Let z = -46 - -48. Suppose g - z*k - 196 = -g, -304 = -3*g + k. What is the hundreds digit of g?
1
Let c(f) = 2*f + 4. Let i be c(3). Suppose -a = -4 - i. What is the tens digit of a?
1
Let b(m) = 3*m**2 + 3*m - 8. Let f be 6/(-33) + (-168)/44. What is the units digit of b(f)?
8
Let q be 10*(-4 - (-30)/5). Let g(t) = q + 10 - 5*t - 23. What is the units digit of g(-6)?
7
Suppose 0 = i - 7 + 1. Suppose i = 2*d - 2. What is the units digit of 33/(d/(-24)*-9)?
2
Let d = 62 + -60. Suppose -2*z = 2*g - 200, 532 = -d*z + 7*z - 3*g. What is the hundreds digit of z?
1
Suppose 6*x = 76 - 16. Suppose 6*m = x*m - 228. What is the tens digit of m?
5
Let u be (0 - 1)/((-14)/2086). Suppose -u + 38 = -3*g. Suppose s = g + 35. What is the units digit of s?
2
Suppose -g + 58 = -27. Suppose -g = -3*f - 22. Suppose 3*d - f = 9. What is the units digit of d?
0
Let c(v) = 3*v**2 + 2*v + 6. Let p = -36 - -41. What is the units digit of c(p)?
1
Let b be -87*6/9 - -5. Let d = 47 - b. What is the units digit of d?
0
Let n(q) = -55*q**3 - 2*q**2 - 13*q - 16. What is the thousands digit of n(-3)?
1
Suppose 5*q - 3*s = -4*s + 397, -s + 2 = 0. Let d = 99 - q. What is the tens digit of d?
2
Let b(h) be the third derivative of -h**4/6 + h**3 + 5*h**2. What is the units digit of b(-10)?
6
Let x = 358 - -480. What is the tens digit of x?
3
Let b be (-2169)/(-36) + 1/(-4). Suppose -x + b = x. What is the units digit of x?
0
Let i = 851 + -360. What is the hundreds digit of i?
4
Suppose -18*m - 1291 = -3667. What is the tens digit of m?
3
Let u be ((-2)/(-6) + 1)*-3. Let r(c) be the first derivative of c**3/3 + 2*c**2 + 4*c + 22. What is the units digit of r(u)?
4
Let c(r) = -r**3 - 6*r**2 + 14. Let m be -3 + 2*(-3)/2. What is the tens digit of c(m)?
1
What is the hundreds digit of -2*(7343/(-14) + 4)?
0
Suppose 0 = -5*g + 1 + 24. Let b be 468/15 + (-2)/10. Suppose -5*l + b = -2*x + 3*x, 0 = -g*x - 5*l + 235. What is the units digit of x?
1
Suppose -3*s = 6, 2*t - 13 = -s + 9. Suppose -2*x + t*x = 2390. What is the hundreds digit of x?
2
Let y(k) = -k**2 - 5*k - 2. Let t be y(-3). Suppose t*d + 3*z - 2 = -d, 0 = 2*d - 5*z + 24. What is the units digit of (-854)/(-21) - d/6?
1
Let y = 971 - 208. What is the units digit of y?
3
Let j be (18/4)/((-8)/80). Let u = j - -102. What is the tens digit of u?
5
Let r(h) = 98*h**3 - 2*h**2 + 4*h - 2. Let z be r(1). What is the units digit of z*(-36)/(-32) - (-6)/8?
1
Suppose 21 = -15*i + 18*i. What is the units digit of 0/i + (2 - -1) + 154?
7
Let b = 9 + 16. What is the units digit of b?
5
Suppose 5*i + 375 = 5*t, -2*t = -0*i - i - 155. Suppose -5*u + t = 5*x, -x = 2*u - 3*u + 20. What is the tens digit of u?
1
Suppose -5*r - g = -1991 - 350, -3*g = 5*r - 2343. What is the units digit of r?
8
Suppose -a - 5*g + 20 = 0, 2*a + 6*g - g = 65. What is the tens digit of (-2*a/6)/((-6)/4)?
1
Let m = 521 + 143. What is the tens digit of m?
6
Let n(o) = 7*o + 11. Let g be n(-2). What is the hundreds digit of (2024/(-32) + -1)*(-1 + g)?
2
Suppose -3*q + 3 = -4*q - 2*c, -5*c - 15 = 0. Suppose -q*p - 2*p - 60 = 0. What is the units digit of -12*(-1 + 16/p)?
8
Let j be 492/8 + (-1)/2. Suppose -3*z + 183 = 3*k, j = -0*z + z + 3*k. What is the tens digit of 1/(-4) + z/4?
1
Let r(b) = 24*b**2 - b. Suppose -2*x - 26 = -7*z + 2*z, 2*z + 4 = -x. Let d be (-2)/x + (-3)/(-4). What is the units digit of r(d)?
3
Suppose 30 = 2*t - t. Let f = 276 - t. What is the units digit of f?
6
Suppose 483 = 75*t - 74*t. What is the hundreds digit of t?
4
Let n(f) = 10*f. Let z be n(-2). What is the units digit of (z + 5)*(-7 + 2)?
5
Let p be (-2)/6 - (-13)/3. Suppose -47 = p*g - 371. Suppose 0 = -n + 4*n - g. What is the tens digit of n?
2
Suppose 8790 - 1758 = 12*a. What is the tens digit of -1*(a/(-12) - 1/6)?
4
What is the units digit of 1089/12*36/3?
9
Suppose 1743*q - 2072 = 1736*q. What is the tens digit of q?
9
What is the units digit of (-3 - -5)*(-633)/(-6)?
1
Suppose 0 = 3*v + 5*o - 48, 0 = -o + 5*o. Let k be v*1*2/4. Suppose -1 = -3*c + k, -2*x = c - 29. What is the tens digit of x?
1
Let r(o) = 6*o - 14. Let j be r(-15). Let b = j - -234. What is the units digit of b?
0
Suppose -3*j + 265 = -8*j. Let c = j + 189. What is the hundreds digit of c?
1
Let s be 374/18 + 6/27. Let n be 3/((s/2)/7). Suppose -5*l + 16 = -3*m + m, 0 = -m - n*l + 10. What is the units digit of m?
2
Let r(p) = -5*p**2 - 23*p + 15. Let b(a) = a**2 + 6*a - 4. Let o(t) = -9*b(t) - 2*r(t). Let h be o(12). Let f = h + -26. What is the units digit of f?
8
Let x be (-6 - -1) + (4 - (6 + -2)). Let z(k) = 4*k**2 - 9*k - 5. What is the units digit of z(x)?
0
Suppose -o - 395 = -h, -2*o - h = 2*o + 1560. Let r = -199 - o. Suppose -8*m = -5*m - r. What is the units digit of m?
4
Suppose 3*d = -5*r + 335, 2*d = -5*r + 3*r + 218. Suppose -4*n + 299 = -d. What is the units digit of n?
1
Let w = -144 - -1334. What is the hundreds digit of w?
1
Let k be (-146)/(-9) + (-20)/90. Let m be 4 - 0*(-3)/(-9). Suppose -3*s = m - k. What is the units digit of s?
4
Suppose 24 = -3*l + 72. Suppose -6*f + f + 185 = 5*s, -4*f = -l. What is the tens digit of s?
3
Let c(p) = -3 + p**2 + p**2 - 16*p - 3*p**2. Let r(z) = 2*z**3 + 6*z**2 - 7*z - 9. Let a be r(-4). What is the tens digit of c(a)?
3
Let x(f) = -23*f + 18. Let r be x(7). Let b = r + 291. What is the units digit of b?
8
Let h(w) = 2*w**2 - 2*w**2 - 8 + w**2. Let u = 21 - 17. What is the units digit of h(u)?
8
Let m = -485 - -821. What is the tens digit of m?
3
Suppose -2*d + 39*d - 38258 = 0. What is the units digit of d?
4
Let u(b) be the second derivative of 7*b**4/12 - b**3/3 + b**2/2 - 19*b. What is the units digit of u(-3)?
0
Suppose 2*l = -2*h + 1 - 5, 0 = 3*h - l + 26. Let n = 14 - h. Let c = n - -22. What is the tens digit of c?
4
Let s = 1044 - -203. What is the thousands digit of s?
1
Let b(n) = -10*n + 3. Let a = 13 - 11. Let t be b(a). Let s = t - -55. What is the units digit of s?
8
Let s(w) = -w**2 + 14*w + 26. Let t be s(23). Let i = t - -301. What is the tens digit of i?
2
Suppose 0 = -3*z - 5*r + 90, 0*z - 55 = -2*z - 5*r. Let i = z - 34. What is the units digit of i?
1
Let v be (-24)/204 + (-2)/(-17). Suppose k - 11 + 49 = v. Let w = k - -76. What is the tens digit of w?
3
Suppose -g + 68 = 5*x, 5*g + 2*x - 151 - 143 = 0. Suppose g*z - 52